{"id":45,"date":"2020-03-11T09:01:06","date_gmt":"2020-03-11T08:01:06","guid":{"rendered":"https:\/\/fodge.ch\/yakuba\/?page_id=45"},"modified":"2021-05-26T09:16:29","modified_gmt":"2021-05-26T07:16:29","slug":"a-propos","status":"publish","type":"page","link":"https:\/\/fodge.ch\/yakuba\/a-propos\/","title":{"rendered":"\u00c0 propos"},"content":{"rendered":"\n<p>Depuis 1998, <strong>Yakuba Percussion<\/strong> vous propose des cours r\u00e9guliers de percussion latine, africaine et de l\u2019initiation rythmique ainsi que ponctuellement des stages et diverses animations se rattachant \u00e0 ces traditions.<\/p>\n\n\n\n<p>Les cours r\u00e9guliers sont rattach\u00e9s \u00e0 la <a rel=\"noreferrer noopener\" aria-label=\" (s\u2019ouvre dans un nouvel onglet)\" href=\"http:\/\/fmschool.ch\" target=\"_blank\"><strong>Fodge Music School<\/strong><\/a> et se donnent dans les locaux de la <a rel=\"noreferrer noopener\" href=\"https:\/\/fodge.ch\/\" target=\"_blank\"><strong>Fodge Family<\/strong><\/a>.<\/p>\n\n\n\n<h2>L&rsquo;enseignant<\/h2>\n\n\n\n<p>Ces vingt derni\u00e8res ann\u00e9es, <strong>Gilles Gfeller<\/strong> a  perfectionn\u00e9 son savoir-faire et son savoir-\u00eatre en tant qu\u2019enseignant  dans des contextes tr\u00e8s diff\u00e9rents : master class, \u00e9coles de musique et  obligatoires, camps jeunesse et formations pour adultes.<\/p>\n\n\n\n<p><\/p>\n","protected":false},"excerpt":{"rendered":"Depuis 1998, Yakuba Percussion vous propose des cours r\u00e9guliers de percussion latine, africaine et de l\u2019initiation rythmique ainsi que ponctuellement des stages et diverses animations se rattachant \u00e0 ces traditions. Les cours r\u00e9guliers sont rattach\u00e9s \u00e0 la Fodge Music School et se donnent dans les locaux de la Fodge Family. L&rsquo;enseignant Ces vingt derni\u00e8res ann\u00e9es,&#8230; <a class=\"view-article\" href=\"https:\/\/fodge.ch\/yakuba\/a-propos\/\">Voir l&rsquo;article<\/a>","protected":false},"author":1,"featured_media":0,"parent":0,"menu_order":0,"comment_status":"closed","ping_status":"closed","template":"","meta":[],"_links":{"self":[{"href":"https:\/\/fodge.ch\/yakuba\/wp-json\/wp\/v2\/pages\/45"}],"collection":[{"href":"https:\/\/fodge.ch\/yakuba\/wp-json\/wp\/v2\/pages"}],"about":[{"href":"https:\/\/fodge.ch\/yakuba\/wp-json\/wp\/v2\/types\/page"}],"author":[{"embeddable":true,"href":"https:\/\/fodge.ch\/yakuba\/wp-json\/wp\/v2\/users\/1"}],"replies":[{"embeddable":true,"href":"https:\/\/fodge.ch\/yakuba\/wp-json\/wp\/v2\/comments?post=45"}],"version-history":[{"count":8,"href":"https:\/\/fodge.ch\/yakuba\/wp-json\/wp\/v2\/pages\/45\/revisions"}],"predecessor-version":[{"id":67,"href":"https:\/\/fodge.ch\/yakuba\/wp-json\/wp\/v2\/pages\/45\/revisions\/67"}],"wp:attachment":[{"href":"https:\/\/fodge.ch\/yakuba\/wp-json\/wp\/v2\/media?parent=45"}],"curies":[{"name":"wp","href":"https:\/\/api.w.org\/{rel}","templated":true}]}}